{"id":34,"date":"2025-12-09T13:30:25","date_gmt":"2025-12-09T12:30:25","guid":{"rendered":"https:\/\/osonslavenirensemble.fr\/?page_id=34"},"modified":"2026-02-13T11:52:20","modified_gmt":"2026-02-13T10:52:20","slug":"accueil","status":"publish","type":"page","link":"https:\/\/osonslavenirensemble.fr\/","title":{"rendered":"Accueil"},"content":{"rendered":"\t\t<div data-elementor-type=\"wp-page\" data-elementor-id=\"34\" class=\"elementor elementor-34\">\n\t\t\t\t<div class=\"elementor-element elementor-element-7c8fbb9 e-flex e-con-boxed e-con e-parent\" data-id=\"7c8fbb9\" data-element_type=\"container\" data-e-type=\"container\">\n\t\t\t\t\t<div class=\"e-con-inner\">\n\t\t\t\t<div class=\"elementor-element elementor-element-87decea elementor-invisible elementor-widget elementor-widget-heading\" data-id=\"87decea\" data-element_type=\"widget\" data-e-type=\"widget\" data-settings=\"{&quot;_animation&quot;:&quot;fadeInDown&quot;}\" data-widget_type=\"heading.default\">\n\t\t\t\t\t<h2 class=\"elementor-heading-title elementor-size-default\">Osons l'Avenir Ensemble : <span style=\"color: var( --e-global-color-accent );font-weight: var( --e-global-typography-primary-font-weight );letter-spacing: 0px\">pour une commune \u00e0 taille humaine, solidaire, dynamique et pr\u00e9serv\u00e9e.<\/span><\/h2>\t\t\t\t<\/div>\n\t\t\t\t\t<\/div>\n\t\t\t\t<\/div>\n\t\t<div class=\"elementor-element elementor-element-b9d71e3 e-flex e-con-boxed e-con e-parent\" data-id=\"b9d71e3\" data-element_type=\"container\" data-e-type=\"container\">\n\t\t\t\t\t<div class=\"e-con-inner\">\n\t\t\t\t<div class=\"elementor-element elementor-element-ac55e89 elementor-widget elementor-widget-text-editor\" data-id=\"ac55e89\" data-element_type=\"widget\" data-e-type=\"widget\" data-widget_type=\"text-editor.default\">\n\t\t\t\t\t\t\t\t\t<p class=\"cvGsUA direction-ltr align-center para-style-body\"><span class=\"a_GcMg font-feature-liga-off font-feature-clig-off font-feature-calt-off text-decoration-none text-strikethrough-none\">\u00abOsons l\u2019Avenir Ensemble\u00bb : c<\/span><span style=\"color: var( --e-global-color-text ); font-family: var( --e-global-typography-text-font-family ), Sans-serif; font-weight: var( --e-global-typography-text-font-weight ); text-align: var(--text-align); letter-spacing: 0px;\">\u2019est la signature du <\/span><span style=\"color: var( --e-global-color-text ); font-family: var( --e-global-typography-text-font-family ), Sans-serif; text-align: var(--text-align); letter-spacing: 0px;\"><b>collectif citoyen<\/b><\/span><span style=\"color: var( --e-global-color-text ); font-family: var( --e-global-typography-text-font-family ), Sans-serif; font-weight: var( --e-global-typography-text-font-weight ); text-align: var(--text-align); letter-spacing: 0px;\"> mobilis\u00e9 pour proposer un<\/span><span style=\"color: var( --e-global-color-text ); font-family: var( --e-global-typography-text-font-family ), Sans-serif; text-align: var(--text-align); letter-spacing: 0px;\"><b> projet renouvel\u00e9 <\/b><\/span><span style=\"color: var( --e-global-color-text ); font-family: var( --e-global-typography-text-font-family ), Sans-serif; font-weight: var( --e-global-typography-text-font-weight ); text-align: var(--text-align); letter-spacing: 0px;\">aux Gemmoises et aux Gemmois, dans la <\/span><span style=\"color: var( --e-global-color-text ); font-family: var( --e-global-typography-text-font-family ), Sans-serif; text-align: var(--text-align); letter-spacing: 0px;\"><b>continuit\u00e9<\/b><\/span><span style=\"color: var( --e-global-color-text ); font-family: var( --e-global-typography-text-font-family ), Sans-serif; text-align: var(--text-align); letter-spacing: 0px;\"><b> de l\u2019action men\u00e9e par la majorit\u00e9 municipale actuelle<\/b><\/span><span style=\"color: var( --e-global-color-text ); font-family: var( --e-global-typography-text-font-family ), Sans-serif; font-weight: var( --e-global-typography-text-font-weight ); text-align: var(--text-align); letter-spacing: 0px;\">.<\/span><\/p><p class=\"cvGsUA direction-ltr align-center para-style-body\"><span class=\"a_GcMg font-feature-liga-off font-feature-clig-off font-feature-calt-off text-decoration-none text-strikethrough-none\">De ce collectif est issue la liste des 29 citoyennes et citoyens <b>pr\u00eats \u00e0 s\u2019engager.<\/b><\/span><\/p><p class=\"cvGsUA direction-ltr align-center para-style-body\"><span style=\"color: var( --e-global-color-text ); font-family: var( --e-global-typography-text-font-family ), Sans-serif; font-weight: var( --e-global-typography-text-font-weight ); text-align: var(--text-align); letter-spacing: 0px;\">Elle est compos\u00e9e \u00e0 la fois d\u2019<\/span><b style=\"color: var( --e-global-color-text ); font-family: var( --e-global-typography-text-font-family ), Sans-serif; text-align: var(--text-align); letter-spacing: 0px;\">\u00e9lus exp\u00e9riment\u00e9s<\/b><span style=\"color: var( --e-global-color-text ); font-family: var( --e-global-typography-text-font-family ), Sans-serif; font-weight: var( --e-global-typography-text-font-weight ); text-align: var(--text-align); letter-spacing: 0px;\"> ayant effectu\u00e9 un ou plusieurs mandats, et de personnes <\/span><b style=\"color: var( --e-global-color-text ); font-family: var( --e-global-typography-text-font-family ), Sans-serif; text-align: var(--text-align); letter-spacing: 0px;\">candidatant pour la premi\u00e8re fois<\/b><span style=\"color: var( --e-global-color-text ); font-family: var( --e-global-typography-text-font-family ), Sans-serif; font-weight: var( --e-global-typography-text-font-weight ); text-align: var(--text-align); letter-spacing: 0px;\"> aux \u00e9lections municipales. Plusieurs de ces nouveaux venus assument des responsabilit\u00e9s au sein des <\/span><b style=\"color: var( --e-global-color-text ); font-family: var( --e-global-typography-text-font-family ), Sans-serif; text-align: var(--text-align); letter-spacing: 0px;\">associations<\/b> <b style=\"color: var( --e-global-color-text ); font-family: var( --e-global-typography-text-font-family ), Sans-serif; text-align: var(--text-align); letter-spacing: 0px;\">gemmoises<\/b><span style=\"color: var( --e-global-color-text ); font-family: var( --e-global-typography-text-font-family ), Sans-serif; font-weight: var( --e-global-typography-text-font-weight ); text-align: var(--text-align); letter-spacing: 0px;\">. D\u2019autres ont d\u00e9couvert la r\u00e9alit\u00e9 communale lors des travaux conduits au sein de l\u2019<\/span><b style=\"color: var( --e-global-color-text ); font-family: var( --e-global-typography-text-font-family ), Sans-serif; text-align: var(--text-align); letter-spacing: 0px;\">Assembl\u00e9e Participative Citoyenne<\/b><span style=\"color: var( --e-global-color-text ); font-family: var( --e-global-typography-text-font-family ), Sans-serif; font-weight: var( --e-global-typography-text-font-weight ); text-align: var(--text-align); letter-spacing: 0px;\">, mise en place d\u00e8s 2021, et \u00e0 laquelle ils ont contribu\u00e9 activement. Comme vous, ils souhaitent :<\/span><\/p>\t\t\t\t\t\t\t\t<\/div>\n\t\t\t\t\t<\/div>\n\t\t\t\t<\/div>\n\t\t<div class=\"elementor-element elementor-element-c889539 e-flex e-con-boxed e-con e-parent\" data-id=\"c889539\" data-element_type=\"container\" data-e-type=\"container\">\n\t\t\t\t\t<div class=\"e-con-inner\">\n\t\t\t\t<div class=\"elementor-element elementor-element-7300035 elementor-widget elementor-widget-heading\" data-id=\"7300035\" data-element_type=\"widget\" data-e-type=\"widget\" data-widget_type=\"heading.default\">\n\t\t\t\t\t<h3 class=\"elementor-heading-title elementor-size-default\">\nUne commune qui pr\u00e9serve son environnement, tout en restant attractive. <br><br>Une commune apais\u00e9e,  \u00e0 taille humaine. <br><br>Une commune solidaire, o\u00f9 il fait bon vivre ensemble !<\/h3>\t\t\t\t<\/div>\n\t\t\t\t\t<\/div>\n\t\t\t\t<\/div>\n\t\t<div class=\"elementor-element elementor-element-6f4f828 e-con-full e-flex e-con e-parent\" data-id=\"6f4f828\" data-element_type=\"container\" data-e-type=\"container\">\n\t\t\t\t<div class=\"elementor-element elementor-element-1a25f84 elementor-widget elementor-widget-image\" data-id=\"1a25f84\" data-element_type=\"widget\" data-e-type=\"widget\" data-widget_type=\"image.default\">\n\t\t\t\t\t\t\t\t\t\t\t\t\t\t\t\t<a href=\"https:\/\/osonslavenirensemble.fr\/index.php\/liste\/\">\n\t\t\t\t\t\t\t<img fetchpriority=\"high\" decoding=\"async\" width=\"1080\" height=\"540\" src=\"https:\/\/osonslavenirensemble.fr\/wp-content\/uploads\/2026\/02\/Groupe_Osons-1080x540.jpeg\" class=\"attachment-ashe-slider-full-thumbnail size-ashe-slider-full-thumbnail wp-image-396\" alt=\"\" \/>\t\t\t\t\t\t\t\t<\/a>\n\t\t\t\t\t\t\t\t\t\t\t\t\t\t\t<\/div>\n\t\t\t\t<\/div>\n\t\t<div class=\"elementor-element elementor-element-94bd7ff e-flex e-con-boxed e-con e-parent\" data-id=\"94bd7ff\" data-element_type=\"container\" data-e-type=\"container\">\n\t\t\t\t\t<div class=\"e-con-inner\">\n\t\t\t\t<div class=\"elementor-element elementor-element-1b58ff1 elementor-widget-divider--view-line elementor-widget elementor-widget-divider\" data-id=\"1b58ff1\" data-element_type=\"widget\" data-e-type=\"widget\" data-widget_type=\"divider.default\">\n\t\t\t\t\t\t\t<div class=\"elementor-divider\">\n\t\t\t<span class=\"elementor-divider-separator\">\n\t\t\t\t\t\t<\/span>\n\t\t<\/div>\n\t\t\t\t\t\t<\/div>\n\t\t\t\t<div class=\"elementor-element elementor-element-39b4289 elementor-invisible elementor-widget elementor-widget-heading\" data-id=\"39b4289\" data-element_type=\"widget\" data-e-type=\"widget\" data-settings=\"{&quot;_animation&quot;:&quot;fadeInDown&quot;}\" data-widget_type=\"heading.default\">\n\t\t\t\t\t<h4 class=\"elementor-heading-title elementor-size-default\">Retrouvez nous sur Facebook et sur Instagram<\/h4>\t\t\t\t<\/div>\n\t\t\t\t<div class=\"elementor-element elementor-element-e9254cf elementor-shape-rounded elementor-grid-0 e-grid-align-center elementor-widget elementor-widget-social-icons\" data-id=\"e9254cf\" data-element_type=\"widget\" data-e-type=\"widget\" data-widget_type=\"social-icons.default\">\n\t\t\t\t\t\t\t<div class=\"elementor-social-icons-wrapper elementor-grid\" role=\"list\">\n\t\t\t\t\t\t\t<span class=\"elementor-grid-item\" role=\"listitem\">\n\t\t\t\t\t<a class=\"elementor-icon elementor-social-icon elementor-social-icon-facebook elementor-repeater-item-bca1501\" href=\"https:\/\/www.facebook.com\/osonslavenirensembleasaintegemmessurloire\" target=\"_blank\">\n\t\t\t\t\t\t<span class=\"elementor-screen-only\">Facebook<\/span>\n\t\t\t\t\t\t<svg aria-hidden=\"true\" class=\"e-font-icon-svg e-fab-facebook\" viewBox=\"0 0 512 512\" xmlns=\"http:\/\/www.w3.org\/2000\/svg\"><path d=\"M504 256C504 119 393 8 256 8S8 119 8 256c0 123.78 90.69 226.38 209.25 245V327.69h-63V256h63v-54.64c0-62.15 37-96.48 93.67-96.48 27.14 0 55.52 4.84 55.52 4.84v61h-31.28c-30.8 0-40.41 19.12-40.41 38.73V256h68.78l-11 71.69h-57.78V501C413.31 482.38 504 379.78 504 256z\"><\/path><\/svg>\t\t\t\t\t<\/a>\n\t\t\t\t<\/span>\n\t\t\t\t\t\t\t<span class=\"elementor-grid-item\" role=\"listitem\">\n\t\t\t\t\t<a class=\"elementor-icon elementor-social-icon elementor-social-icon-instagram elementor-repeater-item-6002335\" href=\"https:\/\/www.instagram.com\/osonslavenirensemble\" target=\"_blank\">\n\t\t\t\t\t\t<span class=\"elementor-screen-only\">Instagram<\/span>\n\t\t\t\t\t\t<svg aria-hidden=\"true\" class=\"e-font-icon-svg e-fab-instagram\" viewBox=\"0 0 448 512\" xmlns=\"http:\/\/www.w3.org\/2000\/svg\"><path d=\"M224.1 141c-63.6 0-114.9 51.3-114.9 114.9s51.3 114.9 114.9 114.9S339 319.5 339 255.9 287.7 141 224.1 141zm0 189.6c-41.1 0-74.7-33.5-74.7-74.7s33.5-74.7 74.7-74.7 74.7 33.5 74.7 74.7-33.6 74.7-74.7 74.7zm146.4-194.3c0 14.9-12 26.8-26.8 26.8-14.9 0-26.8-12-26.8-26.8s12-26.8 26.8-26.8 26.8 12 26.8 26.8zm76.1 27.2c-1.7-35.9-9.9-67.7-36.2-93.9-26.2-26.2-58-34.4-93.9-36.2-37-2.1-147.9-2.1-184.9 0-35.8 1.7-67.6 9.9-93.9 36.1s-34.4 58-36.2 93.9c-2.1 37-2.1 147.9 0 184.9 1.7 35.9 9.9 67.7 36.2 93.9s58 34.4 93.9 36.2c37 2.1 147.9 2.1 184.9 0 35.9-1.7 67.7-9.9 93.9-36.2 26.2-26.2 34.4-58 36.2-93.9 2.1-37 2.1-147.8 0-184.8zM398.8 388c-7.8 19.6-22.9 34.7-42.6 42.6-29.5 11.7-99.5 9-132.1 9s-102.7 2.6-132.1-9c-19.6-7.8-34.7-22.9-42.6-42.6-11.7-29.5-9-99.5-9-132.1s-2.6-102.7 9-132.1c7.8-19.6 22.9-34.7 42.6-42.6 29.5-11.7 99.5-9 132.1-9s102.7-2.6 132.1 9c19.6 7.8 34.7 22.9 42.6 42.6 11.7 29.5 9 99.5 9 132.1s2.7 102.7-9 132.1z\"><\/path><\/svg>\t\t\t\t\t<\/a>\n\t\t\t\t<\/span>\n\t\t\t\t\t<\/div>\n\t\t\t\t\t\t<\/div>\n\t\t\t\t\t<\/div>\n\t\t\t\t<\/div>\n\t\t<div class=\"elementor-element elementor-element-b373999 e-flex e-con-boxed e-con e-parent\" data-id=\"b373999\" data-element_type=\"container\" data-e-type=\"container\">\n\t\t\t\t\t<div class=\"e-con-inner\">\n\t\t\t\t<div class=\"elementor-element elementor-element-9b0a18c elementor-widget elementor-widget-wp-widget-pages\" data-id=\"9b0a18c\" data-element_type=\"widget\" data-e-type=\"widget\" data-widget_type=\"wp-widget-pages.default\">\n\t\t\t\t<div class=\"elementor-widget-container\">\n\t\t\t\t\t<h5>Rubriques<\/h5>\n\t\t\t<ul>\n\t\t\t\t<li class=\"page_item page-item-34\"><a href=\"https:\/\/osonslavenirensemble.fr\/\">Accueil<\/a><\/li>\n<li class=\"page_item page-item-24\"><a href=\"https:\/\/osonslavenirensemble.fr\/index.php\/actualites\/\">Actualit\u00e9s<\/a><\/li>\n<li class=\"page_item page-item-14\"><a href=\"https:\/\/osonslavenirensemble.fr\/index.php\/bilan\/\">Bilan<\/a><\/li>\n<li class=\"page_item page-item-26\"><a href=\"https:\/\/osonslavenirensemble.fr\/index.php\/contact\/\">Contact<\/a><\/li>\n<li class=\"page_item page-item-22\"><a href=\"https:\/\/osonslavenirensemble.fr\/index.php\/liste\/\">Liste<\/a><\/li>\n<li class=\"page_item page-item-20\"><a href=\"https:\/\/osonslavenirensemble.fr\/index.php\/programme\/\">Programme<\/a><\/li>\n\t\t\t<\/ul>\n\n\t\t\t\t\t\t\t<\/div>\n\t\t\t\t<\/div>\n\t\t\t\t\t<\/div>\n\t\t\t\t<\/div>\n\t\t\t\t<\/div>\n\t\t","protected":false},"excerpt":{"rendered":"<p>Osons l&rsquo;Avenir Ensemble : pour une commune \u00e0 taille humaine, solidaire, dynamique et pr\u00e9serv\u00e9e. \u00abOsons l\u2019Avenir Ensemble\u00bb : c\u2019est la signature du collectif citoyen mobilis\u00e9 pour proposer un projet renouvel\u00e9 aux Gemmoises et aux Gemmois, dans la continuit\u00e9 de l\u2019action men\u00e9e par la majorit\u00e9 municipale actuelle. De ce collectif est issue la liste des 29 citoyennes et citoyens pr\u00eats \u00e0 s\u2019engager. Elle est compos\u00e9e \u00e0 la fois d\u2019\u00e9lus exp\u00e9riment\u00e9s ayant effectu\u00e9 un ou plusieurs mandats, et de personnes candidatant pour la premi\u00e8re fois aux \u00e9lections municipales. Plusieurs de ces nouveaux venus assument des responsabilit\u00e9s au sein des associations gemmoises. D\u2019autres ont d\u00e9couvert la r\u00e9alit\u00e9 communale lors des travaux conduits au sein de l\u2019Assembl\u00e9e Participative Citoyenne, mise en place d\u00e8s 2021, et \u00e0 laquelle ils ont contribu\u00e9 activement. Comme vous, ils souhaitent : Une commune qui pr\u00e9serve son environnement, tout en restant attractive. Une commune apais\u00e9e, \u00e0 taille humaine. Une commune solidaire, o\u00f9 il fait bon vivre ensemble ! Retrouvez nous sur Facebook et sur Instagram Facebook Instagram<\/p>\n","protected":false},"author":1,"featured_media":0,"parent":0,"menu_order":0,"comment_status":"closed","ping_status":"closed","template":"","meta":{"footnotes":""},"class_list":["post-34","page","type-page","status-publish","hentry"],"_links":{"self":[{"href":"https:\/\/osonslavenirensemble.fr\/index.php\/wp-json\/wp\/v2\/pages\/34","targetHints":{"allow":["GET"]}}],"collection":[{"href":"https:\/\/osonslavenirensemble.fr\/index.php\/wp-json\/wp\/v2\/pages"}],"about":[{"href":"https:\/\/osonslavenirensemble.fr\/index.php\/wp-json\/wp\/v2\/types\/page"}],"author":[{"embeddable":true,"href":"https:\/\/osonslavenirensemble.fr\/index.php\/wp-json\/wp\/v2\/users\/1"}],"replies":[{"embeddable":true,"href":"https:\/\/osonslavenirensemble.fr\/index.php\/wp-json\/wp\/v2\/comments?post=34"}],"version-history":[{"count":37,"href":"https:\/\/osonslavenirensemble.fr\/index.php\/wp-json\/wp\/v2\/pages\/34\/revisions"}],"predecessor-version":[{"id":420,"href":"https:\/\/osonslavenirensemble.fr\/index.php\/wp-json\/wp\/v2\/pages\/34\/revisions\/420"}],"wp:attachment":[{"href":"https:\/\/osonslavenirensemble.fr\/index.php\/wp-json\/wp\/v2\/media?parent=34"}],"curies":[{"name":"wp","href":"https:\/\/api.w.org\/{rel}","templated":true}]}}